{"id":38,"date":"2017-08-12T18:42:52","date_gmt":"2017-08-12T16:42:52","guid":{"rendered":"http:\/\/new.sjr-zw.de\/?page_id=38"},"modified":"2021-11-26T14:19:13","modified_gmt":"2021-11-26T13:19:13","slug":"services-downloads","status":"publish","type":"page","link":"https:\/\/sjr-zw.de\/?page_id=38","title":{"rendered":"Antr\u00e4ge und Downloads"},"content":{"rendered":"<h3><strong>F\u00f6rderantr\u00e4ge <br \/><\/strong><\/h3>\n<ul>\n<li><strong><a href=\"https:\/\/sjr-zw.de\/wp-content\/uploads\/2021\/11\/51-Zuschussantrag-Jugendpflegeetat-2021.pdf\">Antrag Jugendpflegeetat der Stadt Zweibr\u00fccken<\/a><\/strong><\/li>\n<li><strong><a href=\"https:\/\/sjr-zw.de\/wp-content\/uploads\/2021\/11\/teilnehmerliste_foerderung.pdf\">Teilnehmerliste f\u00fcr F\u00f6rderantr\u00e4ge<\/a><\/strong><\/li>\n<\/ul>\n<h3>\u00a0<\/h3>\n<h3><strong>F\u00f6rderantr\u00e4ge vom Landesjugendring Rheinland-Pfalz<\/strong><\/h3>\n<ul>\n<li><a href=\"https:\/\/www.ljr-rlp.de\/foerderung-und-service\" target=\"_blank\" rel=\"noopener noreferrer\"><strong>F\u00f6rderantr\u00e4ge des LJR<\/strong><\/a><\/li>\n<\/ul>\n<h3>\u00a0<\/h3>\n<h3><strong>Freizeitangebote und Juleicaunterlagen<\/strong><\/h3>\n<ul>\n<li><strong><a href=\"https:\/\/zweibruecken.feripro.de\/\" target=\"_blank\" rel=\"noopener noreferrer\">Feripro &#8211; Ferienprogramm in Zweibr\u00fccken<\/a><\/strong><\/li>\n<li><strong><a href=\"https:\/\/www.ferienboerse-rlp.de\/\" target=\"_blank\" rel=\"noopener noreferrer\">Ferienb\u00f6rse Rheinland-Pfalz<\/a><\/strong><\/li>\n<li><strong><a href=\"https:\/\/sjr-zw.de\/wp-content\/uploads\/2018\/01\/antragschritte-juleica-1.zip\">Juleica Antrag &#8211; Anleitung<\/a><\/strong><\/li>\n<\/ul>\n<h4>\u00a0<\/h4>\n<h4><strong>weitere Links<\/strong><\/h4>\n<ul>\n<li><strong><a href=\"https:\/\/www.ljr-rlp.de\/\" target=\"_blank\" rel=\"noopener noreferrer\">Landesjugendring Rheinland-Pfalz<\/a><\/strong><\/li>\n<\/ul>\n<p>\u00a0<\/p>\n<ul>\n<li><strong><a href=\"https:\/\/kjkpubsf.sfo2.digitaloceanspaces.com\/software\/sumatrapdf\/rel\/SumatraPDF-3.3.3-64-install.exe\">Download &#8211; Sumatra PDF-Viewer\u00a0 |\u00a0 Software zum Anzeigen von<\/a><a href=\"https:\/\/kjkpubsf.sfo2.digitaloceanspaces.com\/software\/sumatrapdf\/rel\/SumatraPDF-3.3.3-64-install.exe\"> PDF-Dokumenten<\/a><\/strong><\/li>\n<li><a href=\"https:\/\/kjkpubsf.sfo2.digitaloceanspaces.com\/software\/sumatrapdf\/rel\/SumatraPDF-3.3.3-install.exe\">32-Bit Version<\/a><\/li>\n<\/ul>\n\n\n<p><\/p>\n","protected":false},"excerpt":{"rendered":"<p>F\u00f6rderantr\u00e4ge Antrag Jugendpflegeetat der Stadt Zweibr\u00fccken Teilnehmerliste f\u00fcr F\u00f6rderantr\u00e4ge \u00a0 F\u00f6rderantr\u00e4ge vom Landesjugendring Rheinland-Pfalz F\u00f6rderantr\u00e4ge des LJR \u00a0 Freizeitangebote und Juleicaunterlagen Feripro &#8211; Ferienprogramm in Zweibr\u00fccken Ferienb\u00f6rse Rheinland-Pfalz Juleica Antrag [&hellip;]<\/p>\n","protected":false},"author":1,"featured_media":0,"parent":0,"menu_order":0,"comment_status":"closed","ping_status":"closed","template":"","meta":{"footnotes":""},"_links":{"self":[{"href":"https:\/\/sjr-zw.de\/index.php?rest_route=\/wp\/v2\/pages\/38"}],"collection":[{"href":"https:\/\/sjr-zw.de\/index.php?rest_route=\/wp\/v2\/pages"}],"about":[{"href":"https:\/\/sjr-zw.de\/index.php?rest_route=\/wp\/v2\/types\/page"}],"author":[{"embeddable":true,"href":"https:\/\/sjr-zw.de\/index.php?rest_route=\/wp\/v2\/users\/1"}],"replies":[{"embeddable":true,"href":"https:\/\/sjr-zw.de\/index.php?rest_route=%2Fwp%2Fv2%2Fcomments&post=38"}],"version-history":[{"count":21,"href":"https:\/\/sjr-zw.de\/index.php?rest_route=\/wp\/v2\/pages\/38\/revisions"}],"predecessor-version":[{"id":486,"href":"https:\/\/sjr-zw.de\/index.php?rest_route=\/wp\/v2\/pages\/38\/revisions\/486"}],"wp:attachment":[{"href":"https:\/\/sjr-zw.de\/index.php?rest_route=%2Fwp%2Fv2%2Fmedia&parent=38"}],"curies":[{"name":"wp","href":"https:\/\/api.w.org\/{rel}","templated":true}]}}