{"id":25,"date":"2017-08-12T01:35:42","date_gmt":"2017-08-11T23:35:42","guid":{"rendered":"http:\/\/new.sjr-zw.de\/?page_id=25"},"modified":"2023-01-09T13:52:00","modified_gmt":"2023-01-09T12:52:00","slug":"kontakt","status":"publish","type":"page","link":"https:\/\/sjr-zw.de\/?page_id=25","title":{"rendered":"Kontakt"},"content":{"rendered":"<p>Stadtjugendring Zweibr\u00fccken<\/p>\n<p>Maxstra\u00dfe 19<\/p>\n<p>66482 Zweibr\u00fccken<\/p>\n<p>Tel. 06332-871 560<\/p>\n<p>E-Mail:<a href=\"mailto:mail@sjr-zw.de\"> Stadtjugendring Zweibr\u00fccken<\/a><\/p>\n","protected":false},"excerpt":{"rendered":"<p>Stadtjugendring Zweibr\u00fccken Maxstra\u00dfe 19 66482 Zweibr\u00fccken Tel. 06332-871 560 E-Mail: Stadtjugendring Zweibr\u00fccken<\/p>\n","protected":false},"author":1,"featured_media":0,"parent":0,"menu_order":0,"comment_status":"closed","ping_status":"closed","template":"","meta":{"footnotes":""},"_links":{"self":[{"href":"https:\/\/sjr-zw.de\/index.php?rest_route=\/wp\/v2\/pages\/25"}],"collection":[{"href":"https:\/\/sjr-zw.de\/index.php?rest_route=\/wp\/v2\/pages"}],"about":[{"href":"https:\/\/sjr-zw.de\/index.php?rest_route=\/wp\/v2\/types\/page"}],"author":[{"embeddable":true,"href":"https:\/\/sjr-zw.de\/index.php?rest_route=\/wp\/v2\/users\/1"}],"replies":[{"embeddable":true,"href":"https:\/\/sjr-zw.de\/index.php?rest_route=%2Fwp%2Fv2%2Fcomments&post=25"}],"version-history":[{"count":7,"href":"https:\/\/sjr-zw.de\/index.php?rest_route=\/wp\/v2\/pages\/25\/revisions"}],"predecessor-version":[{"id":516,"href":"https:\/\/sjr-zw.de\/index.php?rest_route=\/wp\/v2\/pages\/25\/revisions\/516"}],"wp:attachment":[{"href":"https:\/\/sjr-zw.de\/index.php?rest_route=%2Fwp%2Fv2%2Fmedia&parent=25"}],"curies":[{"name":"wp","href":"https:\/\/api.w.org\/{rel}","templated":true}]}}