{"id":12,"date":"2017-08-12T01:23:20","date_gmt":"2017-08-11T23:23:20","guid":{"rendered":"http:\/\/new.sjr-zw.de\/?page_id=12"},"modified":"2021-03-18T10:55:44","modified_gmt":"2021-03-18T09:55:44","slug":"das-sind-wir","status":"publish","type":"page","link":"https:\/\/sjr-zw.de\/?page_id=12","title":{"rendered":"Das sind wir"},"content":{"rendered":"<p>Unser Stadtjugendring<\/p>\n<ul>\n<li>f\u00f6rdert das gegenseitige Verst\u00e4ndnis und die Bereitschaft zur Zusammenarbeit innerhalb der Jugend der Stadt Zweibr\u00fccken,<\/li>\n<li>f\u00f6rdert die Mitarbeit durch Erfahrungsaustausch und gemeinsame Aktionen an der L\u00f6sung der Jugendfragen der Stadt Zweibr\u00fccken,<\/li>\n<li>f\u00f6rdert die Interessen und Rechte der Jugendgemeinschaften und der freien Jugendpflege wahrzunehmen und die Jugendkulturarbeit,<\/li>\n<li>f\u00f6rdert den Kampf gegen ein Aufleben militaristischer, extremistischer, nationalistischer und totalit\u00e4rer Tendenzen zum Schutze der Jugend.\u00a0<\/li>\n<li>f\u00f6rdert und regt an, gemeinsame Aktionen, Begegnungen und Veran\u00adstaltungen zu planen und durchzuf\u00fchren,<\/li>\n<li>zielt darauf, zu Fragen der Jugendpolitik und des Jugendrechtes Vor\u00adschl\u00e4ge zu unterbreiten und Stellung zu nehmen,<\/li>\n<li>engagiert sich in allen Fragen des Umweltschutzes.<\/li>\n<\/ul>\n<p>\u00a0<\/p>\n<p>\u00a0<\/p>\n\n\n<p><\/p>\n","protected":false},"excerpt":{"rendered":"<p>Unser Stadtjugendring f\u00f6rdert das gegenseitige Verst\u00e4ndnis und die Bereitschaft zur Zusammenarbeit innerhalb der Jugend der Stadt Zweibr\u00fccken, f\u00f6rdert die Mitarbeit durch Erfahrungsaustausch und gemeinsame Aktionen an der L\u00f6sung der Jugendfragen [&hellip;]<\/p>\n","protected":false},"author":1,"featured_media":0,"parent":0,"menu_order":0,"comment_status":"closed","ping_status":"closed","template":"","meta":{"footnotes":""},"_links":{"self":[{"href":"https:\/\/sjr-zw.de\/index.php?rest_route=\/wp\/v2\/pages\/12"}],"collection":[{"href":"https:\/\/sjr-zw.de\/index.php?rest_route=\/wp\/v2\/pages"}],"about":[{"href":"https:\/\/sjr-zw.de\/index.php?rest_route=\/wp\/v2\/types\/page"}],"author":[{"embeddable":true,"href":"https:\/\/sjr-zw.de\/index.php?rest_route=\/wp\/v2\/users\/1"}],"replies":[{"embeddable":true,"href":"https:\/\/sjr-zw.de\/index.php?rest_route=%2Fwp%2Fv2%2Fcomments&post=12"}],"version-history":[{"count":13,"href":"https:\/\/sjr-zw.de\/index.php?rest_route=\/wp\/v2\/pages\/12\/revisions"}],"predecessor-version":[{"id":465,"href":"https:\/\/sjr-zw.de\/index.php?rest_route=\/wp\/v2\/pages\/12\/revisions\/465"}],"wp:attachment":[{"href":"https:\/\/sjr-zw.de\/index.php?rest_route=%2Fwp%2Fv2%2Fmedia&parent=12"}],"curies":[{"name":"wp","href":"https:\/\/api.w.org\/{rel}","templated":true}]}}

<p>Unser Stadtjugendring</p>
<ul>
<li>fördert das gegenseitige Verständnis und die Bereitschaft zur Zusammenarbeit innerhalb der Jugend der Stadt Zweibrücken,</li>
<li>fördert die Mitarbeit durch Erfahrungsaustausch und gemeinsame Aktionen an der Lösung der Jugendfragen der Stadt Zweibrücken,</li>
<li>fördert die Interessen und Rechte der Jugendgemeinschaften und der freien Jugendpflege wahrzunehmen und die Jugendkulturarbeit,</li>
<li>fördert den Kampf gegen ein Aufleben militaristischer, extremistischer, nationalistischer und totalitärer Tendenzen zum Schutze der Jugend. </li>
<li>fördert und regt an, gemeinsame Aktionen, Begegnungen und Veran­staltungen zu planen und durchzuführen,</li>
<li>zielt darauf, zu Fragen der Jugendpolitik und des Jugendrechtes Vor­schläge zu unterbreiten und Stellung zu nehmen,</li>
<li>engagiert sich in allen Fragen des Umweltschutzes.</li>
</ul>
<p> </p>
<p> </p>


<p></p>

<p>Unser Stadtjugendring fördert das gegenseitige Verständnis und die Bereitschaft zur Zusammenarbeit innerhalb der Jugend der Stadt Zweibrücken, fördert die Mitarbeit durch Erfahrungsaustausch und gemeinsame Aktionen an der Lösung der Jugendfragen [&hellip;]</p>
